number?
False
Is 872917/2 - (25 + 1020/(-40)) composite?
False
Is (-4844154)/(-294) + (-7)/((-49)/2) prime?
True
Let z(l) = 3*l + 45*l**2 + 221*l**2 + 9 - 2*l. Let g be z(-6). Suppose 4*d = g + 3009. Is d a composite number?
True
Let d = 158 - 151. Suppose -1220 = d*l - 4783. Is l a prime number?
True
Let r(s) = 3*s**2 + 3*s - 2768. Let v(j) = j**2 + j - 923. Let f(i) = -6*r(i) + 17*v(i). Let c = -528 + 528. Is f(c) a prime number?
False
Suppose 4*x - 115 - 53 = 0. Let m be (1*219)/(x/10 - 4). Suppose 0*p - m = -p + 4*g, 1097 = p - 5*g. Is p composite?
False
Let q be 23762/(-6) - (-3)/9. Let t = q - -2273. Let y = t - -3084. Is y prime?
False
Let p(g) = -2*g**2 + 7 - 3*g**2 + g**3 + 5*g**3 - 8*g**3 - 19*g. Is p(-7) composite?
True
Let w = -99176 + 233983. Is w a composite number?
False
Let j be ((-18)/15 - 0)/(3/(-10)). Suppose -q = -3, -j*u + 4*q + 13996 - 2672 = 0. Let v = u - -525. Is v a prime number?
True
Let l(c) = -612*c + 73. Let s(i) = 612*i - 69. Let d(q) = 2*l(q) + 3*s(q). Is d(6) prime?
False
Suppose 632 = -2*u - 4*n, 2*u + 3*n - 118 = -745. Let o be (90/(-60))/(0 - 1/u). Let b = o - -664. Is b composite?
True
Suppose 10*f - 102576 = 331334. Is f prime?
True
Suppose 2*w + 4*c - 6 = 0, -5*w - 2*c = -3*w - 14. Suppose w*d - 4801 = 2888. Is d prime?
False
Let y(b) = b + 6. Let z be y(-4). Suppose 4434 = 2*u - 3*i, -z*u = -4*i - 0*i - 4438. Let l = -918 + u. Is l a composite number?
True
Suppose 0 = 4*n - q - 32, 0*n - 6 = -2*n + 3*q. Let g = n + -7. Suppose r - 250 = -h - h, -g*r - 8 = 0. Is h prime?
True
Suppose -287 = -5*v - 3*p, -145 = -3*v + 3*p + 2*p. Let y = 53 - v. Is y/8*276/(-3) a prime number?
True
Let p be (-145944)/30*(-15)/6. Suppose -p = 2*o - 4*o. Is o prime?
False
Suppose 0 = -s + n + 48546, -1164 = s + n - 49724. Is s composite?
True
Let j = 377796 + -130009. Is j prime?
False
Let z(r) = -3*r**2 + 11*r - 11. Suppose -3*j + 2*f - 7 = 0, 5*f - 2 = 3*j + 2. Let b(i) = -2*i**2 + 11*i - 12. Let v(k) = j*z(k) + 2*b(k). Is v(7) prime?
False
Let m(s) = s**2 - 19*s + 27. Suppose -5*a - 3*b + 43 = 0, -5*a = -2*b - 0*b - 38. Suppose -a - 40 = 3*u. Is m(u) a prime number?
True
Suppose b = -5*k + 363739, -9*k = -2*b - 8*k + 727434. Is b a composite number?
False
Let u(k) = 5*k**2 + 223*k - 135. Is u(38) composite?
False
Let u(b) = -3*b - 28. Let m be u(-9). Let o be m + (-4 - -6) + 1159. Suppose o = 2*q - 0*v - v, 0 = -3*v + 6. Is q a composite number?
True
Is ((-438086)/88)/(-1*4/16) a prime number?
True
Is (2/(-3) - 0) + (-33770487)/(-477) a prime number?
False
Suppose -4*z + 87386 + 49528 = -p, -p + 2 = 0. Is z prime?
False
Let b = -475 + 1304. Suppose -4*q - g + 3331 = -0*g, -g = -q + b. Suppose -3934 + q = -6*a. Is a a prime number?
False
Let m(j) = -j**2 + 7*j - 4. Let y be m(6). Let r be 0/(5 - y) + (-42)/(-1). Suppose -2*w - 4*l + 62 = -r, -5*w + 2*l = -224. Is w prime?
False
Let t = -51992 - -95973. Suppose 5*f = g + t, 5*f - 3*g - 17582 = 3*f. Is f prime?
False
Let q(d) = 74*d**3 + 2*d**2 - 4*d + 5. Suppose 2*u - c = 3*u - 30, 2*u - c - 63 = 0. Let z = u - 29. Is q(z) a prime number?
False
Let m = -25 + 29. Let c be (m/(-6))/(-2 - 90964/(-45483)). Suppose -4*l = -3*z + c, 0*z + 10104 = 2*z - l. Is z composite?
False
Suppose -4*h - 692 = 4*i, -3*h - 693 = h + 3*i. Is -2*(447/(-6))/((-6)/h) a prime number?
False
Let z = -721606 + 1056653. Is z a composite number?
False
Suppose 3*l - 46 = k, 0 = 3*l - 6*l + 2*k + 47. Is (10/l)/(2/(-91161)*-3) prime?
False
Let i be ((-14)/(-4))/(2/(-4)). Let y(n) = 77*n**2 + 7*n - 34*n**2 - 2 - 6*n**3 - 41*n**2 - 2. Is y(i) a composite number?
True
Let o = -22 + 25. Let m = o - -2. Suppose 3*y - 129 = m*f + 206, 0 = 4*y + 2*f - 464. Is y a prime number?
False
Suppose -880*d + 888*d - 52984 = 0. Is d prime?
False
Suppose 48 = 11*t + 15. Let y(c) = 10 - 2*c**t + 14 - 15 + 4*c. Is y(-7) prime?
False
Let r = 58352 + -7681. Is r a composite number?
False
Let c be (21/(-12))/(7/22596). Let v = c - -14018. Is v composite?
False
Suppose -2*y = -27252 - 11048. Let s = y + -12923. Is s composite?
True
Suppose 4*j - 125036 = -5*c + 241776, 0 = -4*j - 4*c + 366812. Is j prime?
True
Suppose -24*g - 9 = -27*g. Suppose g*v - 5043 = -5*w + v, 2*w - 2*v - 2006 = 0. Is w a prime number?
False
Suppose 37 = -5*m + q, -5*q = 5*m + 58 - 3. Is (2/m)/(1 + (-22062)/22056) prime?
True
Suppose 13*q - 3*q - 22372 + 642 = 0. Is q a prime number?
False
Let f(c) = 1649*c**2 + 48*c + 619. Is f(-12) a prime number?
False
Suppose 0 = -5*t + 2*s + 740001, 740007 = 132*t - 127*t + s. Is t composite?
True
Let q(m) be the second derivative of -23*m**5/10 + m**4/12 - m**3/6 - 13*m**2/2 - 3*m + 49. Is q(-3) a composite number?
True
Suppose 11*l + 140272 = 187*l. Is l a composite number?
False
Suppose -83*k + 1087822 = -811379 - 543572. Is k a prime number?
False
Let q(j) = 6*j**2 + 9 - 13*j**2 - 6*j + 0*j**2 + 2*j**2 + 4*j**3. Suppose 6*o - 2 = u + 3*o, -5*u - o = -22. Is q(u) a composite number?
True
Let c(g) = 4886*g + 1259. Is c(13) a prime number?
False
Let v(a) = 2782*a**3 - a**2 + 16*a - 4. Is v(3) a prime number?
True
Let l(q) = 64*q + 39. Let m(d) = -3*d - 1. Let z(n) = l(n) - 3*m(n). Is z(17) a prime number?
True
Let l be (9/(-45))/(1/(-35)). Suppose 5*f + g - 17 = 0, -12 = -5*f - 5*g - l. Is f - ((-1)/1 + -5976) composite?
False
Is (-1)/(-6) + ((-982999)/(-6))/59 a composite number?
False
Suppose 4*b + 3*y = 11, 15*b - 16*b + 4*y - 2 = 0. Suppose 3*k - 2*r = 4*k - 38689, -b*r + 154756 = 4*k. Is k composite?
True
Is (1/2)/((22 + -8)/458276) a composite number?
True
Let d = 16 - 12. Suppose i + 0 = d. Suppose 0 = 4*s - 16, 0 = 2*u - i*s + 422 - 3368. Is u prime?
True
Let y(u) = 13*u + 27. Let s be y(5). Let j = -89 + s. Suppose -2397 = -6*b + j*b. Is b prime?
False
Suppose 2*v - 209 = -13. Let d = v + -96. Suppose 0 = 2*s + 4*a - 0*a - 394, 4*s - d*a - 818 = 0. Is s a prime number?
False
Let z(u) = u**3 + 8*u**2 + 11*u - 2. Let o be z(-6). Suppose y + 2*a - 976 = a, 3*y = -o*a + 2932. Let c = y - 269. Is c composite?
True
Let u be 1824/40 - (-2)/5. Let s = 48 - u. Suppose z - 879 = -s*z. Is z a composite number?
False
Let w = -21 - -25. Suppose 3*p - 6180 = -p - w*z, -3*p = -3*z - 4611. Is p prime?
False
Suppose 0 = -r + 9456 - 26964. Let a = -3963 - r. Suppose -j = -4*c + 10830, 5*c - 3*j - a = 2*j. Is c prime?
True
Is (-22675116)/(-826) + (-9)/(-7) a composite number?
True
Let d(i) = -716*i + 1. Let h be d(2). Suppose m + k - 2137 = -4*k, -6399 = -3*m - 3*k. Let x = h + m. Is x a composite number?
False
Suppose -15*n - 425926 + 120864 = -17*n. Is n a composite number?
False
Let u be (-31 - -29) + -1 + 5 + 0. Is (0 - u)/(34/(-37043)) a prime number?
True
Is (72/(-4))/(-9) + 450551 a composite number?
True
Suppose 4*s - 4 = 0, -12*s + 10*s + 878301 = v. Is v composite?
False
Let p(t) = -2*t**3 - 5*t**2 - 2*t + 4. Let h be p(-2). Suppose 2*l + h*x = 60, 5*l - 148 = l - x. Let s = 17 + l. Is s a composite number?
True
Suppose 7*z + 147 = 10*z. Suppose -2*k - 85 = -z. Is 1552/144 - (8/k)/2 a composite number?
False
Suppose 0 = h - 38*a + 36*a - 332865, 4*h - 1331474 = a. Is h a composite number?
True
Suppose -6*d - 415 = -11*d. Let n = -263 - -473. Let m = n - d. Is m a prime number?
True
Let k = -121 + 127. Suppose -a - 52475 = -k*a. Is a a prime number?
False
Suppose -12*a = -38*a - 70226. Let h = a + 7655. Is h composite?
True
Let c(n) = 6493*n**2 + 27*n + 28. Let l be c(-1). Suppose -15*m + l = -14011. Is m composite?
False
Let a = 36 + -33. Suppose -1085 = -a*w - 2*w. Suppose s + w = 554. Is s prime?
True
Suppose -72*t + 31*t - 5932 = -39*t. Suppose -2*z = y - 4957, 13022 = 3*y + z - 1834. Let f = t + y. Is f prime?
False
Let a be (-34832)/88 + (-2)/11. Let w = a - 857. Let p = 1884 + w. Is p prime?
True
Suppose -3*i - 489591 = -3*d, 0 = 5*d + 4*i - 672607 - 143414. Is d a composite number?
True
Let a(o) = -20*o - 11 + 35*o**2 + 21*o**2 - 8*o**2 - 40. Is a(-5) a composite number?
False
Is 10/6*1*23267844/90 prime?
False
Let p(d) = 596*d**2 + 8*d - 71. Let s(k) = 7*k**2 + k - 2. Let y be s(1). Is p(y) prime?
True
Suppose 6*n + 218693 = 5*h + 7*n, 3*h - 5*n - 131227 = 0. Is h a composite number?
True
Suppose 4*a - 39 = -9*a. Suppose -2954 = -3*g + 5*p + 2963, 0 = a*g - p - 5933. Is g prime?
True
Let g be (-3 - 15/(-12